{"id":215604,"date":"2022-06-13T18:57:41","date_gmt":"2022-06-13T16:57:41","guid":{"rendered":"https:\/\/www.szulokhaza.hu\/kamaraerdo\/?page_id=215604"},"modified":"2022-07-06T15:38:41","modified_gmt":"2022-07-06T13:38:41","slug":"pizsiparty","status":"publish","type":"page","link":"https:\/\/www.szulokhaza.hu\/kamaraerdo\/pizsiparty\/","title":{"rendered":"PizsiParty"},"content":{"rendered":"<p>[et_pb_section fb_built=&#8221;1&#8243; _builder_version=&#8221;4.17.4&#8243; _module_preset=&#8221;default&#8221; global_colors_info=&#8221;{}&#8221;][et_pb_row _builder_version=&#8221;4.17.4&#8243; _module_preset=&#8221;default&#8221; global_colors_info=&#8221;{}&#8221;][et_pb_column type=&#8221;4_4&#8243; _builder_version=&#8221;4.17.4&#8243; _module_preset=&#8221;default&#8221; global_colors_info=&#8221;{}&#8221;][et_pb_text _builder_version=&#8221;4.17.4&#8243; _module_preset=&#8221;default&#8221; header_text_color=&#8221;#f69e0f&#8221; hover_enabled=&#8221;0&#8243; global_colors_info=&#8221;{}&#8221; header_font_size=&#8221;37px&#8221; header_letter_spacing=&#8221;17px&#8221; sticky_enabled=&#8221;0&#8243;]<\/p>\n<h1 style=\"text-align: center;\">Pizsiparty<\/h1>\n<p>[\/et_pb_text][\/et_pb_column][\/et_pb_row][et_pb_row column_structure=&#8221;2_5,3_5&#8243; _builder_version=&#8221;4.17.4&#8243; _module_preset=&#8221;default&#8221; global_colors_info=&#8221;{}&#8221;][et_pb_column type=&#8221;2_5&#8243; _builder_version=&#8221;4.17.4&#8243; _module_preset=&#8221;default&#8221; global_colors_info=&#8221;{}&#8221;][et_pb_image src=&#8221;https:\/\/www.szulokhaza.hu\/kamaraerdo\/wp-content\/uploads\/2022\/06\/Pizsiparty1.png&#8221; alt=&#8221;Pizsiparty&#8221; title_text=&#8221;Pizsiparty&#8221; _builder_version=&#8221;4.17.4&#8243; _module_preset=&#8221;987bc5d7-8fd7-42c1-aff9-79a0a9b064b7&#8243; hover_enabled=&#8221;0&#8243; global_colors_info=&#8221;{}&#8221; align=&#8221;center&#8221; force_fullwidth=&#8221;on&#8221; sticky_enabled=&#8221;0&#8243;][\/et_pb_image][\/et_pb_column][et_pb_column type=&#8221;3_5&#8243; _builder_version=&#8221;4.17.4&#8243; _module_preset=&#8221;default&#8221; global_colors_info=&#8221;{}&#8221;][et_pb_text _builder_version=&#8221;4.17.4&#8243; _module_preset=&#8221;default&#8221; header_4_text_color=&#8221;#f69e0f&#8221; hover_enabled=&#8221;0&#8243; global_colors_info=&#8221;{}&#8221; custom_margin=&#8221;|||-38px||&#8221; sticky_enabled=&#8221;0&#8243; header_4_font_size=&#8221;24px&#8221; header_4_letter_spacing=&#8221;3px&#8221;]<\/p>\n<p>Mindenkinek sz\u00fcks\u00e9ge van egy kis szabadid\u0151re, a sz\u00fcl\u0151k is meg\u00e9rdemelnek n\u00e9mi \u00e9nid\u0151t\u2026romantik\u00e1t\u2026.<br \/>Most lehet\u0151s\u00e9g van egy p\u00e9ntek est\u00e9t elt\u00f6lteni a gyerekek n\u00e9lk\u00fcl! P\u00e9ntek d\u00e9lut\u00e1n 16.00 \u00e9s szombat d\u00e9l k\u00f6z\u00f6tt b\u00edzza a gyereket r\u00e1nk!<\/p>\n<h4>A pizsiparty programja<\/h4>\n<p><strong>1. nap<\/strong><br \/>16:00 -17:00<span class=\"Apple-converted-space\">\u00a0 <\/span>\u00e9rkez\u00e9s<br \/>17:00-18:00 j\u00e1tsz\u00f3t\u00e9r<br \/>18:00-19:00 mosakod\u00e1s, zuhanyz\u00e1s<br \/>19:00 vacsora<br \/>19:30-20:00 kuck\u00f3 \u00e9p\u00edt\u00e9s<br \/>20:00 mozi: k\u00f6zben titkos nasik :), k\u00f6z\u00f6s j\u00e1t\u00e9k<br \/>21:30 fogmos\u00e1s \u00e9s alv\u00e1sra hangol\u00f3d\u00e1s<br \/>22:00 alv\u00e1s<\/p>\n<p><strong>2. nap<\/strong><br \/>8.00-ig \u00e9bredez\u00e9s<br \/>8:00 reggeli<br \/>8:45 mosd\u00e1s \u00e9s \u00e1t\u00f6lt\u00f6z\u00e9s<br \/>9:00 k\u00e9zm\u0171vesked\u00e9s<br \/>10:00 tiz\u00f3rai majd j\u00e1tsz\u00f3t\u00e9r<br \/>11:30-12:00 hazaad\u00e1s<\/p>\n<p>\u00c1ra: brutt\u00f3 21.900 Ft \/ gyermek<br \/><em>Testv\u00e9rkedvezm\u00e9ny: 10%<\/em><\/p>\n<p>Az \u00e1r tartalmazza az \u00e9teleket, italokat \u00e9s a k\u00e9zm\u0171ves foglalkoz\u00e1s sor\u00e1n haszn\u00e1lt anyagokat. Az elk\u00e9sz\u00edtett alkot\u00e1sokat hazavihetik a gyerekek.<\/p>\n<p><strong>Minimum korhat\u00e1r: 5 \u00e9v<\/strong><\/p>\n<p>[\/et_pb_text][\/et_pb_column][\/et_pb_row][et_pb_row _builder_version=&#8221;4.17.4&#8243; _module_preset=&#8221;default&#8221; global_colors_info=&#8221;{}&#8221;][et_pb_column type=&#8221;4_4&#8243; _builder_version=&#8221;4.17.4&#8243; _module_preset=&#8221;default&#8221; global_colors_info=&#8221;{}&#8221;][et_pb_button button_url=&#8221;https:\/\/szulokhaza.hu\/ujbuda\/jelentkezes\/&#8221; url_new_window=&#8221;on&#8221; button_text=&#8221;JELENTKEZ\u00c9S&#8221; _builder_version=&#8221;4.17.4&#8243; _module_preset=&#8221;default&#8221; custom_button=&#8221;on&#8221; button_bg_color=&#8221;#ff2037&#8243; button_icon=&#8221;&#x49;||divi||400&#8243; hover_enabled=&#8221;0&#8243; global_colors_info=&#8221;{}&#8221; button_alignment=&#8221;center&#8221; button_text_color=&#8221;#FFFFFF&#8221; button_border_color=&#8221;#ff2037&#8243; button_icon_color=&#8221;#FFFFFF&#8221; sticky_enabled=&#8221;0&#8243;][\/et_pb_button][\/et_pb_column][\/et_pb_row][\/et_pb_section]<\/p>\n","protected":false},"excerpt":{"rendered":"<p>PizsipartyMindenkinek sz\u00fcks\u00e9ge van egy kis szabadid\u0151re, a sz\u00fcl\u0151k is meg\u00e9rdemelnek n\u00e9mi \u00e9nid\u0151t\u2026romantik\u00e1t\u2026.Most lehet\u0151s\u00e9g van egy p\u00e9ntek est\u00e9t elt\u00f6lteni a gyerekek n\u00e9lk\u00fcl! P\u00e9ntek d\u00e9lut\u00e1n 16.00 \u00e9s szombat d\u00e9l k\u00f6z\u00f6tt b\u00edzza a gyereket r\u00e1nk! A pizsiparty programja 1. nap16:00 -17:00\u00a0 \u00e9rkez\u00e9s17:00-18:00 j\u00e1tsz\u00f3t\u00e9r18:00-19:00 mosakod\u00e1s, zuhanyz\u00e1s19:00 vacsora19:30-20:00 kuck\u00f3 \u00e9p\u00edt\u00e9s20:00 mozi: k\u00f6zben titkos nasik :), k\u00f6z\u00f6s j\u00e1t\u00e9k21:30 fogmos\u00e1s \u00e9s alv\u00e1sra [&hellip;]<\/p>\n","protected":false},"author":7,"featured_media":0,"parent":0,"menu_order":0,"comment_status":"closed","ping_status":"closed","template":"","meta":{"_seopress_robots_primary_cat":"","_seopress_titles_title":"","_seopress_titles_desc":"","_seopress_robots_index":"","_et_pb_use_builder":"on","_et_pb_old_content":"","_et_gb_content_width":"","footnotes":""},"class_list":["post-215604","page","type-page","status-publish","hentry"],"_links":{"self":[{"href":"https:\/\/www.szulokhaza.hu\/kamaraerdo\/wp-json\/wp\/v2\/pages\/215604","targetHints":{"allow":["GET"]}}],"collection":[{"href":"https:\/\/www.szulokhaza.hu\/kamaraerdo\/wp-json\/wp\/v2\/pages"}],"about":[{"href":"https:\/\/www.szulokhaza.hu\/kamaraerdo\/wp-json\/wp\/v2\/types\/page"}],"author":[{"embeddable":true,"href":"https:\/\/www.szulokhaza.hu\/kamaraerdo\/wp-json\/wp\/v2\/users\/7"}],"replies":[{"embeddable":true,"href":"https:\/\/www.szulokhaza.hu\/kamaraerdo\/wp-json\/wp\/v2\/comments?post=215604"}],"version-history":[{"count":3,"href":"https:\/\/www.szulokhaza.hu\/kamaraerdo\/wp-json\/wp\/v2\/pages\/215604\/revisions"}],"predecessor-version":[{"id":215726,"href":"https:\/\/www.szulokhaza.hu\/kamaraerdo\/wp-json\/wp\/v2\/pages\/215604\/revisions\/215726"}],"wp:attachment":[{"href":"https:\/\/www.szulokhaza.hu\/kamaraerdo\/wp-json\/wp\/v2\/media?parent=215604"}],"curies":[{"name":"wp","href":"https:\/\/api.w.org\/{rel}","templated":true}]}}