{"id":215908,"date":"2022-08-26T10:19:35","date_gmt":"2022-08-26T08:19:35","guid":{"rendered":"https:\/\/www.szulokhaza.hu\/kamaraerdo\/?page_id=215908"},"modified":"2023-04-13T22:13:31","modified_gmt":"2023-04-13T20:13:31","slug":"fejleszto-kozpont","status":"publish","type":"page","link":"https:\/\/www.szulokhaza.hu\/kamaraerdo\/fejleszto-kozpont\/","title":{"rendered":"Fejleszt\u0151 K\u00f6zpont"},"content":{"rendered":"<p>[et_pb_section fb_built=&#8221;1&#8243; _builder_version=&#8221;4.18.0&#8243; _module_preset=&#8221;default&#8221; global_colors_info=&#8221;{}&#8221;][et_pb_row _builder_version=&#8221;4.18.0&#8243; _module_preset=&#8221;default&#8221; global_colors_info=&#8221;{}&#8221;][et_pb_column type=&#8221;4_4&#8243; _builder_version=&#8221;4.18.0&#8243; _module_preset=&#8221;default&#8221; global_colors_info=&#8221;{}&#8221;][et_pb_text _builder_version=&#8221;4.18.0&#8243; _module_preset=&#8221;default&#8221; global_colors_info=&#8221;{}&#8221;]<\/p>\n<div class=\"et_pb_row et_pb_row_0\">\n<p><span style=\"font-size: 16px; text-align: justify;\">A Sz\u00fcl\u0151k H\u00e1za Csal\u00e1dban b\u0151v\u00edtett\u00fck az el\u00e9rhet\u0151 programjaink reperto\u00e1rj\u00e1t, hogy m\u00e9g t\u00f6bbet seg\u00edthess\u00fcnk!<\/span><\/p>\n<div class=\"et_pb_column et_pb_column_4_4 et_pb_column_0  et_pb_css_mix_blend_mode_passthrough et-last-child\">\n<div class=\"et_pb_module et_pb_text et_pb_text_0  et_pb_text_align_left et_pb_bg_layout_light\">\n<div class=\"et_pb_text_inner\">\n<p style=\"text-align: justify;\"><span style=\"font-size: 16px;\"><\/span><\/p>\n<p style=\"text-align: justify;\"><span style=\"font-size: 16px;\">\u00daj fejleszt\u0151 programmal b\u0151v\u00fclt a Sz\u00fcl\u0151k H\u00e1za Csal\u00e1d B\u00f6lcs\u0151de h\u00e1l\u00f3zatunk, ezen k\u00edv\u00fcl megnyitotta a kapuit a k\u00fcl\u00f6n a fejleszt\u00e9sre specializ\u00e1l\u00f3dott Kamaraerdei Fejleszt\u0151 k\u00f6zpont.<\/span><\/p>\n<\/div>\n<\/div>\n<\/div>\n<\/div>\n<div class=\"et_pb_row et_pb_row_1\">\n<div class=\"et_pb_column et_pb_column_3_5 et_pb_column_1  et_pb_css_mix_blend_mode_passthrough\">\n<div class=\"et_pb_module et_pb_text et_pb_text_1  et_pb_text_align_left et_pb_bg_layout_light\">\n<div class=\"et_pb_text_inner\">\n<p style=\"text-align: justify;\">L\u00e1ssuk, hogy mit is jelent ez?<\/p>\n<p style=\"text-align: justify;\"><span>Az \u00faj program alapj\u00e1n minden Sz\u00fcl\u0151k H\u00e1za Csal\u00e1d b\u00f6lcs\u0151d\u00e9j\u00e9be beiratkoz\u00f3 gyermek 20.000 Forint \u00e9rt\u00e9k\u0171, Longitudin\u00e1lis Komplex Diagnosztikai neuro-szenzomotoros vizsg\u00e1latot kap aj\u00e1nd\u00e9kba, amely vizsg\u00e1lat seg\u00edts\u00e9g\u00e9vel a kedves sz\u00fcl\u0151 inform\u00e1l\u00f3dhat gyermeke aktu\u00e1lis idegrendszeri \u00e9retts\u00e9g\u00e9r\u0151l. Az eredm\u00e9ny ki\u00e9rt\u00e9kel\u00e9se ut\u00e1n lehet\u0151s\u00e9g van a sz\u00fcl\u0151nek \u00e9s a terapeut\u00e1knak megbesz\u00e9lni az esetlegesen sz\u00fcks\u00e9ges tov\u00e1bbi lehet\u0151s\u00e9geket a gyermek eg\u00e9szs\u00e9ges fejl\u0151d\u00e9se \u00e9rdek\u00e9ben. <\/span><\/p>\n<\/div>\n<\/div>\n<\/div>\n<div class=\"et_pb_column et_pb_column_2_5 et_pb_column_2  et_pb_css_mix_blend_mode_passthrough et-last-child\">\n<div class=\"et_pb_module et_pb_image et_pb_image_0\" style=\"text-align: justify;\"><em><span class=\"et_pb_image_wrap \"><img loading=\"lazy\" decoding=\"async\" width=\"253\" height=\"190\" src=\"https:\/\/szulokhaza.hu\/wp-content\/uploads\/2022\/08\/297886987_391771426439429_4417404776677761700_n.jpg\" alt=\"\" title=\"297886987_391771426439429_4417404776677761700_n\" srcset=\"https:\/\/szulokhaza.hu\/wp-content\/uploads\/2022\/08\/297886987_391771426439429_4417404776677761700_n.jpg 2048w, https:\/\/szulokhaza.hu\/wp-content\/uploads\/2022\/08\/297886987_391771426439429_4417404776677761700_n-1280x960.jpg 1280w, https:\/\/szulokhaza.hu\/wp-content\/uploads\/2022\/08\/297886987_391771426439429_4417404776677761700_n-980x735.jpg 980w, https:\/\/szulokhaza.hu\/wp-content\/uploads\/2022\/08\/297886987_391771426439429_4417404776677761700_n-480x360.jpg 480w\" sizes=\"(min-width: 0px) and (max-width: 480px) 480px, (min-width: 481px) and (max-width: 980px) 980px, (min-width: 981px) and (max-width: 1280px) 1280px, (min-width: 1281px) 2048px, 100vw\" class=\"wp-image-2769\" \/><\/span><\/em><\/div>\n<\/div>\n<\/div>\n<div class=\"et_pb_row et_pb_row_2\"><span>Lehet\u0151s\u00e9get teremt\u00fcnk arra, hogy b\u00e1rmilyen fejleszt\u0151 ter\u00e1pi\u00e1ra is legyen sz\u00fcks\u00e9ge a gyermeknek az a Sz\u00fcl\u0151k H\u00e1za Csal\u00e1don bel\u00fcl el\u00e9rhet\u0151 legyen \u00e9s k\u00e9nyelmesen a gyermek biztons\u00e1gi z\u00f3n\u00e1j\u00e1n bel\u00fcl \u2013 a b\u00f6lcs\u0151d\u00e9ben a m\u00e1r a j\u00f3l ismert kisgyermek nevel\u0151kkel egy\u00fctt a gyermek rendelkez\u00e9s\u00e9re \u00e1ll. A Sz\u00fcl\u0151k H\u00e1za Csal\u00e1d egys\u00e9geiben a ter\u00e1pi\u00e1k \u00e9s fejleszt\u00e9sek holisztikus szeml\u00e9letben zajlanak \u00e9s a csal\u00e1dot egys\u00e9gk\u00e9nt kezelj\u00fck. <\/span><\/div>\n<div class=\"et_pb_row et_pb_row_3\"><span>Nem csup\u00e1n a gyermekkel foglalkozunk, hanem a gyermek eg\u00e9sz h\u00e1tter\u00e9vel. A sz\u00fcl\u0151ket folyamatosan bevonjuk a ter\u00e1pi\u00e1s foglalkoz\u00e1sba, mindenr\u0151l konzult\u00e1lunk \u00e9s rendszeres a kapcsolattart\u00e1s is. A csal\u00e1doknak a ter\u00e1pia alatt lehet\u0151s\u00e9g\u00fck ny\u00edlik minden h\u00f3napban egy m\u00e1r el\u0151re egyeztetett id\u0151pontban konzult\u00e1lni a terapeut\u00e1val a gyermek fejl\u0151d\u00e9s\u00e9r\u0151l, teh\u00e1t nem csak a terapeuta, de a gyermek legsz\u0171kebb k\u00f6rnyezete is egy\u00fctt dolgozhat a siker\u00e9rt. <\/span><\/div>\n<div class=\"et_pb_row et_pb_row_3\"><span>Ezt meger\u0151s\u00edtve helyben, pszichol\u00f3gus \u00e9s csal\u00e1dseg\u00edt\u0151 t\u00e1mogatja majd a folyamatot a magasabb komplexit\u00e1s \u00e9rdek\u00e9ben. <\/span><\/div>\n<div class=\"et_pb_row et_pb_row_3\"><span>A Sz\u00fcl\u0151k H\u00e1z\u00e1ban dolgoz\u00f3 \u00f6sszes szakember folyamatosan egy\u00fcttm\u0171k\u00f6dik egym\u00e1ssal, csapatmunk\u00e1ban egym\u00e1s szaktud\u00e1s\u00e1t kieg\u00e9sz\u00edtve t\u00f6rekednek a t\u00f6k\u00e9lestes \u00e1llapot el\u00e9r\u00e9s\u00e9re. <\/span><\/div>\n<div class=\"et_pb_row et_pb_row_3\"><span>B\u00f6lcs\u0151d\u00e9ink a mozg\u00e1ster\u00e1pia k\u00e9t l\u00e9nyeges elem\u00e9vel a TSMT ter\u00e1pi\u00e1val \u00e9s az \u00fagynevezett Alapoz\u00f3 ter\u00e1pia lehet\u0151s\u00e9g\u00e9vel, tov\u00e1bbi kedvezm\u00e9nyekkel v\u00e1rja a gyerekeket.<\/span><\/div>\n<p>[\/et_pb_text][\/et_pb_column][\/et_pb_row][et_pb_row column_structure=&#8221;1_4,1_4,1_4,1_4&#8243; _builder_version=&#8221;4.18.0&#8243; _module_preset=&#8221;default&#8221; global_colors_info=&#8221;{}&#8221;][et_pb_column type=&#8221;1_4&#8243; _builder_version=&#8221;4.18.0&#8243; _module_preset=&#8221;default&#8221; global_colors_info=&#8221;{}&#8221;][et_pb_image src=&#8221;https:\/\/www.szulokhaza.hu\/kamaraerdo\/wp-content\/uploads\/2022\/08\/299172351_800720684674171_2596099007656495241_n.jpg&#8221; title_text=&#8221;299172351_800720684674171_2596099007656495241_n&#8221; _builder_version=&#8221;4.18.0&#8243; _module_preset=&#8221;default&#8221; global_colors_info=&#8221;{}&#8221;][\/et_pb_image][\/et_pb_column][et_pb_column type=&#8221;1_4&#8243; _builder_version=&#8221;4.18.0&#8243; _module_preset=&#8221;default&#8221; global_colors_info=&#8221;{}&#8221;][et_pb_image src=&#8221;https:\/\/www.szulokhaza.hu\/kamaraerdo\/wp-content\/uploads\/2022\/08\/298657942_480924893861819_1602056493543135884_n.jpg&#8221; title_text=&#8221;298657942_480924893861819_1602056493543135884_n&#8221; _builder_version=&#8221;4.18.0&#8243; _module_preset=&#8221;default&#8221; global_colors_info=&#8221;{}&#8221;][\/et_pb_image][\/et_pb_column][et_pb_column type=&#8221;1_4&#8243; _builder_version=&#8221;4.18.0&#8243; _module_preset=&#8221;default&#8221; global_colors_info=&#8221;{}&#8221;][et_pb_image src=&#8221;https:\/\/www.szulokhaza.hu\/kamaraerdo\/wp-content\/uploads\/2022\/08\/299436954_593772332459707_4575222869688230828_n.jpg&#8221; title_text=&#8221;299436954_593772332459707_4575222869688230828_n&#8221; _builder_version=&#8221;4.18.0&#8243; _module_preset=&#8221;default&#8221; global_colors_info=&#8221;{}&#8221;][\/et_pb_image][\/et_pb_column][et_pb_column type=&#8221;1_4&#8243; _builder_version=&#8221;4.18.0&#8243; _module_preset=&#8221;default&#8221; global_colors_info=&#8221;{}&#8221;][et_pb_image src=&#8221;https:\/\/www.szulokhaza.hu\/kamaraerdo\/wp-content\/uploads\/2022\/08\/298565302_1182270189015721_7142837628721008549_n-1.jpg&#8221; title_text=&#8221;298565302_1182270189015721_7142837628721008549_n&#8221; _builder_version=&#8221;4.18.0&#8243; _module_preset=&#8221;default&#8221; global_colors_info=&#8221;{}&#8221;][\/et_pb_image][\/et_pb_column][\/et_pb_row][\/et_pb_section]<\/p>\n","protected":false},"excerpt":{"rendered":"<p>A Sz\u00fcl\u0151k H\u00e1za Csal\u00e1dban b\u0151v\u00edtett\u00fck az el\u00e9rhet\u0151 programjaink reperto\u00e1rj\u00e1t, hogy m\u00e9g t\u00f6bbet seg\u00edthess\u00fcnk! \u00daj fejleszt\u0151 programmal b\u0151v\u00fclt a Sz\u00fcl\u0151k H\u00e1za Csal\u00e1d B\u00f6lcs\u0151de h\u00e1l\u00f3zatunk, ezen k\u00edv\u00fcl megnyitotta a kapuit a k\u00fcl\u00f6n a fejleszt\u00e9sre specializ\u00e1l\u00f3dott Kamaraerdei Fejleszt\u0151 k\u00f6zpont. L\u00e1ssuk, hogy mit is jelent ez? Az \u00faj program alapj\u00e1n minden Sz\u00fcl\u0151k H\u00e1za Csal\u00e1d b\u00f6lcs\u0151d\u00e9j\u00e9be beiratkoz\u00f3 gyermek 20.000 Forint [&hellip;]<\/p>\n","protected":false},"author":8,"featured_media":0,"parent":0,"menu_order":0,"comment_status":"closed","ping_status":"closed","template":"","meta":{"_seopress_robots_primary_cat":"","_seopress_titles_title":"","_seopress_titles_desc":"","_seopress_robots_index":"","_et_pb_use_builder":"on","_et_pb_old_content":"","_et_gb_content_width":"","footnotes":""},"class_list":["post-215908","page","type-page","status-publish","hentry"],"_links":{"self":[{"href":"https:\/\/www.szulokhaza.hu\/kamaraerdo\/wp-json\/wp\/v2\/pages\/215908","targetHints":{"allow":["GET"]}}],"collection":[{"href":"https:\/\/www.szulokhaza.hu\/kamaraerdo\/wp-json\/wp\/v2\/pages"}],"about":[{"href":"https:\/\/www.szulokhaza.hu\/kamaraerdo\/wp-json\/wp\/v2\/types\/page"}],"author":[{"embeddable":true,"href":"https:\/\/www.szulokhaza.hu\/kamaraerdo\/wp-json\/wp\/v2\/users\/8"}],"replies":[{"embeddable":true,"href":"https:\/\/www.szulokhaza.hu\/kamaraerdo\/wp-json\/wp\/v2\/comments?post=215908"}],"version-history":[{"count":6,"href":"https:\/\/www.szulokhaza.hu\/kamaraerdo\/wp-json\/wp\/v2\/pages\/215908\/revisions"}],"predecessor-version":[{"id":216296,"href":"https:\/\/www.szulokhaza.hu\/kamaraerdo\/wp-json\/wp\/v2\/pages\/215908\/revisions\/216296"}],"wp:attachment":[{"href":"https:\/\/www.szulokhaza.hu\/kamaraerdo\/wp-json\/wp\/v2\/media?parent=215908"}],"curies":[{"name":"wp","href":"https:\/\/api.w.org\/{rel}","templated":true}]}}