{"id":216089,"date":"2023-01-19T12:26:40","date_gmt":"2023-01-19T11:26:40","guid":{"rendered":"https:\/\/www.szulokhaza.hu\/kamaraerdo\/?page_id=216089"},"modified":"2023-03-30T13:04:26","modified_gmt":"2023-03-30T11:04:26","slug":"allatasszisztalt-terapia","status":"publish","type":"page","link":"https:\/\/www.szulokhaza.hu\/kamaraerdo\/allatasszisztalt-terapia\/","title":{"rendered":"\u00c1llatassziszt\u00e1lt ter\u00e1pia"},"content":{"rendered":"<p>[et_pb_section fb_built=&#8221;1&#8243; _builder_version=&#8221;4.19.4&#8243; _module_preset=&#8221;default&#8221; global_colors_info=&#8221;{}&#8221;][et_pb_row _builder_version=&#8221;4.19.4&#8243; _module_preset=&#8221;default&#8221; global_colors_info=&#8221;{}&#8221;][et_pb_column type=&#8221;4_4&#8243; _builder_version=&#8221;4.19.4&#8243; _module_preset=&#8221;default&#8221; global_colors_info=&#8221;{}&#8221;][et_pb_text _builder_version=&#8221;4.20.2&#8243; _module_preset=&#8221;default&#8221; text_line_height=&#8221;2em&#8221; hover_enabled=&#8221;0&#8243; global_colors_info=&#8221;{}&#8221; sticky_enabled=&#8221;0&#8243;]<\/p>\n<p><strong>\u00c1llatassziszt\u00e1lt ter\u00e1pia\/\u00a0kuty\u00e1s ter\u00e1pia:<\/strong> olyan foglalkoz\u00e1s, melynek sor\u00e1n a gyermeket \u00e9letkor\u00e1nak, \u00e9rtelmi k\u00e9pess\u00e9geinek \u00e9s \u00e9rdekl\u0151d\u00e9s\u00e9nek megfelel\u0151en kutya bevon\u00e1s\u00e1val fejlesztj\u00fck, f\u0151k\u00e9nt j\u00e1t\u00e9kos mozg\u00e1sos feladatokon kereszt\u00fcl. A ter\u00e1pia sor\u00e1n fejlesztj\u00fck a pszich\u00e9s funkci\u00f3kat (\u00e9rz\u00e9kel\u00e9s, \u00e9szlel\u00e9s, eml\u00e9kezet, figyelem, gondolkod\u00e1s); a motoros funkci\u00f3kat (nagymozg\u00e1sok, finom mozg\u00e1sok, testtart\u00e1s, egyens\u00faly\u00e9rz\u00e9k, \u00fctem- \u00e9s ritmus\u00e9rz\u00e9k); javul az \u00e9rzelmi-, \u00e9s akarati \u00e9let, a viselked\u00e9s, a magatart\u00e1s; fejl\u0151dik az \u00f6n\u00e1ll\u00f3s\u00e1g, fegyelem, kitart\u00e1s, c\u00e9ltudatoss\u00e1g, felel\u0151ss\u00e9g\u00e9rzet \u00e9s a k\u00f6teless\u00e9gtudat.<\/p>\n<p><strong>\u00a0<\/strong><strong>A kuty\u00e1s foglalkoz\u00e1sok f\u0151 ereje: <\/strong><\/p>\n<ul>\n<li>ismeretek b\u0151v\u00edt\u00e9se<\/li>\n<li>stressz enyh\u00edt\u00e9se<\/li>\n<li>t\u00e1rsra tal\u00e1l\u00e1s<\/li>\n<li>szoci\u00e1lis interakci\u00f3k begyakorl\u00e1sa<\/li>\n<li>emp\u00e1ti\u00e1s k\u00e9szs\u00e9gek fejleszt\u00e9se<\/li>\n<li>term\u00e9szet ir\u00e1nti vonzalom fejl\u0151d\u00e9se<\/li>\n<li>felt\u00e9tel n\u00e9lk\u00fcli elfogad\u00e1s megtapasztal\u00e1sa<\/li>\n<li>ir\u00e1ny\u00edt\u00f3 szerep gyakorl\u00e1sa<\/li>\n<\/ul>\n<p>&nbsp;<\/p>\n<p>&nbsp;<\/p>\n<p>[\/et_pb_text][\/et_pb_column][\/et_pb_row][\/et_pb_section]<\/p>\n","protected":false},"excerpt":{"rendered":"<p>\u00c1llatassziszt\u00e1lt ter\u00e1pia\/\u00a0kuty\u00e1s ter\u00e1pia: olyan foglalkoz\u00e1s, melynek sor\u00e1n a gyermeket \u00e9letkor\u00e1nak, \u00e9rtelmi k\u00e9pess\u00e9geinek \u00e9s \u00e9rdekl\u0151d\u00e9s\u00e9nek megfelel\u0151en kutya bevon\u00e1s\u00e1val fejlesztj\u00fck, f\u0151k\u00e9nt j\u00e1t\u00e9kos mozg\u00e1sos feladatokon kereszt\u00fcl. A ter\u00e1pia sor\u00e1n fejlesztj\u00fck a pszich\u00e9s funkci\u00f3kat (\u00e9rz\u00e9kel\u00e9s, \u00e9szlel\u00e9s, eml\u00e9kezet, figyelem, gondolkod\u00e1s); a motoros funkci\u00f3kat (nagymozg\u00e1sok, finom mozg\u00e1sok, testtart\u00e1s, egyens\u00faly\u00e9rz\u00e9k, \u00fctem- \u00e9s ritmus\u00e9rz\u00e9k); javul az \u00e9rzelmi-, \u00e9s akarati \u00e9let, a viselked\u00e9s, a [&hellip;]<\/p>\n","protected":false},"author":8,"featured_media":0,"parent":0,"menu_order":0,"comment_status":"closed","ping_status":"closed","template":"","meta":{"_seopress_robots_primary_cat":"","_seopress_titles_title":"\u00c1llatassziszt\u00e1lt ter\u00e1pia","_seopress_titles_desc":"","_seopress_robots_index":"","_et_pb_use_builder":"on","_et_pb_old_content":"","_et_gb_content_width":"","footnotes":""},"class_list":["post-216089","page","type-page","status-publish","hentry"],"_links":{"self":[{"href":"https:\/\/www.szulokhaza.hu\/kamaraerdo\/wp-json\/wp\/v2\/pages\/216089","targetHints":{"allow":["GET"]}}],"collection":[{"href":"https:\/\/www.szulokhaza.hu\/kamaraerdo\/wp-json\/wp\/v2\/pages"}],"about":[{"href":"https:\/\/www.szulokhaza.hu\/kamaraerdo\/wp-json\/wp\/v2\/types\/page"}],"author":[{"embeddable":true,"href":"https:\/\/www.szulokhaza.hu\/kamaraerdo\/wp-json\/wp\/v2\/users\/8"}],"replies":[{"embeddable":true,"href":"https:\/\/www.szulokhaza.hu\/kamaraerdo\/wp-json\/wp\/v2\/comments?post=216089"}],"version-history":[{"count":4,"href":"https:\/\/www.szulokhaza.hu\/kamaraerdo\/wp-json\/wp\/v2\/pages\/216089\/revisions"}],"predecessor-version":[{"id":216283,"href":"https:\/\/www.szulokhaza.hu\/kamaraerdo\/wp-json\/wp\/v2\/pages\/216089\/revisions\/216283"}],"wp:attachment":[{"href":"https:\/\/www.szulokhaza.hu\/kamaraerdo\/wp-json\/wp\/v2\/media?parent=216089"}],"curies":[{"name":"wp","href":"https:\/\/api.w.org\/{rel}","templated":true}]}}