{"id":2638,"date":"2014-11-27T00:24:53","date_gmt":"2014-11-26T23:24:53","guid":{"rendered":"http:\/\/szulokhaza.hu\/bartokkucko\/?page_id=2638"},"modified":"2023-05-02T13:59:09","modified_gmt":"2023-05-02T11:59:09","slug":"mi-a-szulok-haza","status":"publish","type":"page","link":"https:\/\/www.szulokhaza.hu\/kamaraerdo\/rolunk\/mi-a-szulok-haza\/","title":{"rendered":"Mi a Sz\u00fcl\u0151k H\u00e1za?"},"content":{"rendered":"<p>[et_pb_section fb_built=&#8221;1&#8243; _builder_version=&#8221;4.16&#8243; global_colors_info=&#8221;{}&#8221;][et_pb_row _builder_version=&#8221;4.16&#8243; background_size=&#8221;initial&#8221; background_position=&#8221;top_left&#8221; background_repeat=&#8221;repeat&#8221; global_colors_info=&#8221;{}&#8221;][et_pb_column type=&#8221;4_4&#8243; _builder_version=&#8221;4.16&#8243; custom_padding=&#8221;|||&#8221; global_colors_info=&#8221;{}&#8221; custom_padding__hover=&#8221;|||&#8221;][et_pb_text _builder_version=&#8221;4.16&#8243; background_size=&#8221;initial&#8221; background_position=&#8221;top_left&#8221; background_repeat=&#8221;repeat&#8221; global_colors_info=&#8221;{}&#8221;]<\/p>\n<p><strong>T\u00d6BB, MINT 15 \u00c9V,T\u00d6BB, MINT 100 000 EL\u00c9RT CSAL\u00c1D, 150 CSAL\u00c1DI B\u00d6LCS\u0150DEI F\u00c9R\u0150HELY, 6\u00a0 CSAL\u00c1DI K\u00d6ZPONT, 20 CSAL\u00c1DI B\u00d6LCS\u0150DE EGYS\u00c9G,\u00a0T\u00d6BB 1000 T\u00c1BOROS \u00c9S \u00d6NK\u00c9NTES,\u00a0T\u00d6BB\u00a0100 000 K\u00d6VET\u0150\u00a0<\/strong><\/p>\n<p>\u201e<em>A Sz\u00fcl\u0151k H\u00e1z\u00e1t az\u00e9rt hoztam l\u00e9tre, mert munk\u00e1m sor\u00e1n azt tapasztaltam, hogy nagyon hi\u00e1nyzik a gyakorl\u00f3 sz\u00fcl\u0151k \u00e9let\u00e9b\u0151l egy olyan hely, ahol nyugodt,<img decoding=\"async\" loading=\"lazy\" class=\"wp-image-348 size-full alignright\" src=\"https:\/\/szulokhaza.hu\/wp-content\/uploads\/2020\/03\/Regos_Judti_napimami.jpg\" alt=\"\" srcset=\"https:\/\/szulokhaza.hu\/wp-content\/uploads\/2020\/03\/Regos_Judti_napimami.jpg 300w, https:\/\/szulokhaza.hu\/wp-content\/uploads\/2020\/03\/Regos_Judti_napimami-150x150.jpg 150w, https:\/\/szulokhaza.hu\/wp-content\/uploads\/2020\/03\/Regos_Judti_napimami-20x20.jpg 20w\" sizes=\"(max-width: 300px) 100vw, 300px\" width=\"300\" height=\"300\" \/><span>\u00a0<\/span>szeretetteljes, bizalmi l\u00e9gk\u00f6rben oszthatj\u00e1k meg az \u0151ket foglalkoztat\u00f3 \u00f6r\u00f6m\u00f6ket, probl\u00e9m\u00e1kat a hasonl\u00f3 cip\u0151ben j\u00e1r\u00f3 t\u00e1rsaikkal, \u00e9s sz\u00fcks\u00e9g eset\u00e9n szakmai seg\u00edts\u00e9get is kaphatnak.<\/em><\/p>\n<p><em>A Sz\u00fcl\u0151k H\u00e1za a csal\u00e1dokr\u00f3l sz\u00f3l: szakk\u00e9pzett csapatunk seg\u00edts\u00e9g\u00e9vel t\u00e1mogatjuk a hozz\u00e1nk l\u00e1togat\u00f3kat a sz\u00fcl\u0151v\u00e9 \u00e9s csal\u00e1dd\u00e1 v\u00e1l\u00e1s sokszor neh\u00e9zs\u00e9gekkel teli folyamat\u00e1ban. A k\u00f6zhiedelemben \u00e9l egy furcsa k\u00e9p a gyermekv\u00e1llal\u00e1ssal kapcsolatban: sokan azt gondolj\u00e1k, hogy a gyermek(ek) sz\u00fclet\u00e9s\u00e9vel automatikusan l\u00e9trej\u00f6n a csal\u00e1d, azonban ez nem \u00edgy van.<\/em><\/p>\n<p><em>Val\u00f3j\u00e1ban a gyermek(ek) \u00e9rkez\u00e9se egy \u00f3ri\u00e1si v\u00e1ltoz\u00e1s (kr\u00edzishelyzet) a csal\u00e1d \u00e9let\u00e9ben \u00e9s rengeteg id\u0151re, energi\u00e1ra, t\u00fcrelemre, egym\u00e1sra figyel\u00e9sre \u00e9s t\u00e1mogat\u00e1sra van sz\u00fcks\u00e9g ahhoz, hogy a nagybet\u0171s CSAL\u00c1D is megsz\u00fclessen, illetve a k\u00e9s\u0151bbiekben fennmaradjon, hiszen egy dinamikusan v\u00e1ltoz\u00f3 egys\u00e9gr\u0151l van sz\u00f3. A val\u00f3di csal\u00e1dd\u00e1 v\u00e1l\u00e1s sokszor megpr\u00f3b\u00e1ltat\u00e1sokkal teli \u00fatj\u00e1nak bej\u00e1r\u00e1s\u00e1ban seg\u00edt komplex szolg\u00e1ltat\u00e1saival a Sz\u00fcl\u0151k H\u00e1za, kicsiknek \u00e9s nagyoknak egyar\u00e1nt.\u201d<\/em><\/p>\n<p><strong><em>\/\/ Reg\u0151s Judit<\/em><\/strong><span>\u00a0<\/span>\u2013<span>\u00a0<\/span><strong><em>csal\u00e1di tan\u00e1csad\u00f3, a Sz\u00fcl\u0151k H\u00e1za Csal\u00e1di K\u00f6zpont \u00e9s B\u00f6lcs\u0151de H\u00e1l\u00f3zat alap\u00edt\u00f3ja, a Sz\u00fcl\u0151k H\u00e1za K\u00f6zhaszn\u00fa Alap\u00edtv\u00e1ny eln\u00f6ke \/\/<\/em><\/strong><\/p>\n<p><strong><em><\/em><\/strong><\/p>\n<p><span>A KEZDETEK\u00a0<\/span><strong><em><\/em><\/strong><\/p>\n<p>A Sz\u00fcl\u0151k H\u00e1za 2007-ben indult el Gazdagr\u00e9tr\u0151l Reg\u0151s Judit alap\u00edt\u00e1s\u00e1val, eredeti c\u00e9lja a sz\u00fcl\u0151k seg\u00edt\u00e9se volt, valamint azoknak a csal\u00e1doknak a t\u00e1mogat\u00e1sa, akik nem tudn\u00e1nak megfizetni egy ilyen szolg\u00e1ltat\u00e1st. L\u00e9trehozott egy helyet, ahol a gyerekek nem csup\u00e1n j\u00e1tszhatnak, hanem emellett a sz\u00fcleik is kikapcsol\u00f3dhatnak.<\/p>\n<p>A Sz\u00fcl\u0151k H\u00e1za nem csup\u00e1n egy j\u00e1tsz\u00f3h\u00e1z, hanem egy hely, ahol a sz\u00fcl\u0151ket a gyerekekkel egy\u00fctt fogadjuk \u00e9s egy kidolgozott m\u00f3dszer alapj\u00e1n foglalkozunk vel\u00fck, seg\u00edts\u00e9get ny\u00fajtunk abban, hogyan v\u00e1ljanak m\u00e9g \u00f6sszetart\u00f3bb csal\u00e1dd\u00e1. Judit l\u00e1tta, hogy sok kismama elveszik az inform\u00e1ci\u00f3 rengetegben, \u00edgy els\u0151 sorban nekik pr\u00f3b\u00e1lt seg\u00edts\u00e9get ny\u00fajtani szakavatott koll\u00e9g\u00e1kkal. A helysz\u00edneken megtal\u00e1lhat\u00f3 szakmai seg\u00edts\u00e9gny\u00fajt\u00e1s, mely k\u00f6zben vigy\u00e1znak a gyermekekre is.<\/p>\n<p><strong>A rendszer l\u00e9nyege, hogy az eg\u00e9sz csal\u00e1dot komplexen seg\u00edti, nem kezeli k\u00fcl\u00f6n a gyereket \u00e9s a sz\u00fcl\u0151t, hanem mint egy egys\u00e9get, mint egy nagy csal\u00e1dot, t\u00e1mogatja. Az eg\u00e9sz csal\u00e1d sz\u00e1m\u00e1ra ny\u00fajt olyan megold\u00e1st, aminek seg\u00edts\u00e9g\u00e9vel mindenki abban kap t\u00e1mogat\u00e1st, amiben sz\u00fcks\u00e9ge van r\u00e1. Mindezt egy egy\u00e9nre szabott m\u00f3dszertan szerint.<\/strong><\/p>\n<p>Elemei:<strong><\/strong><\/p>\n<ul>\n<li><span>csal\u00e1di b\u00f6lcs\u0151de<\/span><\/li>\n<li><span>kultur\u00e1lis \u00e9s szabadid\u0151s programok<\/span><\/li>\n<li><span>fejleszt\u0151 programok<\/span><\/li>\n<li><span>ment\u00e1lhigi\u00e9n\u00e9s t\u00e1mogat\u00e1s<\/span><\/li>\n<li><span>egy\u00e9b csal\u00e1dseg\u00edt\u0151 szolg\u00e1ltat\u00e1sok ny\u00fajt\u00e1sa szak\u00e9rt\u0151k bevon\u00e1s\u00e1val<\/span><span><\/span><\/li>\n<\/ul>\n<p><strong><\/strong><\/p>\n<p><strong>SZ\u00dcL\u0150K H\u00c1ZA ALAP\u00cdTV\u00c1NY,<span>\u00a0<\/span><\/strong><span>A TEGY\u00c9L J\u00d3T PROGRAM<\/span><\/p>\n<p>A Sz\u00fcl\u0151k H\u00e1za Alap\u00edtv\u00e1nyt Kem\u00e9ny D\u00e9nes hozta l\u00e9tre 2015-ben, hogy az Alap\u00edtv\u00e1ny szervezeti form\u00e1ban k\u00e9pviselhesse tov\u00e1bb a Sz\u00fcl\u0151k H\u00e1za program elveit \u00e9s c\u00e9ljait. Az Alap\u00edtv\u00e1ny \u00e1llami gondoskod\u00e1sban \u00e9l\u0151 gyerekek \u00e9s h\u00e1tr\u00e1nyos helyzet\u0171 csal\u00e1dok sz\u00e1m\u00e1ra ny\u00fajt t\u00e1mogat\u00e1st.<\/p>\n<p><span>A Sz\u00fcl\u0151k H\u00e1za Csal\u00e1d fontos programja a Tegy\u00e9l J\u00f3t j\u00f3t\u00e9konys\u00e1gi program, amelyben \u00f6nk\u00e9ntes csal\u00e1dok, v\u00e1llalatok seg\u00edts\u00e9g\u00e9vel \u00e9lm\u00e9nynapokat szervez\u00fcnk \u00e1llami gondozott gyermekeknek is eg\u00e9sz \u00e9vben. A program legfontosabb eleme az egy\u00fctt t\u00f6lt\u00f6tt id\u0151. Lehet\u0151s\u00e9get teremtve arra, hogy a gyermekotthonokban \u00e9l\u0151 gyerekek is megismerhess\u00e9k, hogy milyen csal\u00e1dban \u00e9lni. T\u00f6bb \u00e9vig dolgozott Judit a m\u00f3dszertanon \u00e9s az\u00f3ta is azon f\u00e1radozik, hogy t\u00f6bb helyre eljusson a program, ez\u00e9rt \u00e9p\u00edti a h\u00e1l\u00f3zatot.\u00a0<\/span><\/p>\n<p><span><a href=\"https:\/\/tegyeljot.hu\/\">https:\/\/tegyeljot.hu<\/a><\/span><\/p>\n<ul><\/ul>\n<p><strong>A H\u00c1L\u00d3ZAT<\/strong><\/p>\n<p><span>Ez a m\u00f3dszer egyre t\u00f6bb helyen \u00e9rhet\u0151 el az orsz\u00e1gban \u00e9s a hat\u00e1rainkon t\u00fal, k\u00f6sz\u00f6nhet\u0151en annak a franchise rendszernek, amelynek alapja egy egys\u00e9ges szakmai koncepci\u00f3.\u00a0<\/span>A Sz\u00fcl\u0151k H\u00e1za Csal\u00e1di K\u00f6zpont \u00e9s B\u00f6lcs\u0151de H\u00e1l\u00f3zat (Sz\u00fcl\u0151k H\u00e1za Csal\u00e1d) szolg\u00e1ltat\u00e1sait j<span>elenleg\u00a0 6 csal\u00e1di k\u00f6zpontban, 20 csal\u00e1di b\u00f6lcs\u0151d\u00e9ben tudj\u00e1k a csal\u00e1dok ig\u00e9nybe venni Budapesten, Gy\u0151rben, \u00c9rden, Buda\u00f6rs\u00f6n \u00e9s G\u00f6d\u00f6ll\u0151n. 150 b\u00f6lcs\u0151dei f\u00e9r\u0151hellyel rendelkezik a h\u00e1l\u00f3zat orsz\u00e1gszerte.\u00a0<\/span><\/p>\n<p>\u00a0 \u00a0 \u00a0 \u00a0 \u00a0 \u00a0 \u00a0 \u00a0 \u00a0 \u00a0 \u00a0 \u00a0 \u00a0 \u00a0<a href=\"https:\/\/szulokhaza.hu\/bartokkucko\/\">Sz\u00fcl\u0151k H\u00e1za Bart\u00f3k Kuck\u00f3<\/a>, 1115 Budapest , Bart\u00f3k B\u00e9la \u00fat 92-94.<\/p>\n<p>\u00a0 \u00a0 \u00a0 \u00a0 \u00a0 \u00a0 \u00a0 \u00a0 \u00a0 \u00a0 \u00a0 \u00a0 \u00a0 \u00a0<a href=\"https:\/\/szulokhaza.hu\/gyor\/\">Sz\u00fcl\u0151k H\u00e1za Gy\u0151r sz\u00edve<\/a>, 9022 Gy\u0151r G\u00e1rdonyi G\u00e9za u. 3.<\/p>\n<p>\u00a0 \u00a0 \u00a0 \u00a0 \u00a0 \u00a0 \u00a0 \u00a0 \u00a0 \u00a0 \u00a0 \u00a0 \u00a0 \u00a0<a href=\"https:\/\/szulokhaza.hu\/erd\/\">Sz\u00fcl\u0151k H\u00e1za \u00c9rd<\/a>, 2030 \u00c9rd, Gy\u00f6rgy utca 63.<\/p>\n<p>\u00a0 \u00a0 \u00a0 \u00a0 \u00a0 \u00a0 \u00a0 \u00a0 \u00a0 \u00a0 \u00a0 \u00a0 \u00a0 \u00a0<a href=\"https:\/\/szulokhaza.hu\/kelenvolgy\/\">Sz\u00fcl\u0151k H\u00e1za Kelenv\u00f6lgy<\/a>,1116 Budapest, M\u00e9lyk\u00fat utca 7.<\/p>\n<p>\u00a0 \u00a0 \u00a0 \u00a0 \u00a0 \u00a0 \u00a0 \u00a0 \u00a0 \u00a0 \u00a0 \u00a0 \u00a0 \u00a0<a href=\"https:\/\/www.szulokhaza.hu\/kamaraerdo\/\">Sz\u00fcl\u0151k H\u00e1za Kamaraerd\u0151<\/a>, 2040 Buda\u00f6rs, Zombori utca 40.<\/p>\n<p>\u00a0A Sz\u00fcl\u0151k H\u00e1za egy olyan csal\u00e1dias l\u00e9gk\u00f6r\u0171 hely, ahol:<\/p>\n<ul>\n<li>a csal\u00e1d \u00e9rt\u00e9k<\/li>\n<li>egym\u00e1s\u00e9rt tesz\u00fcnk<\/li>\n<li>egy befogad\u00f3 k\u00f6z\u00f6ss\u00e9ghez tartozhatsz<\/li>\n<li>\u00f6nmagad lehetsz, nem kell szerepeket j\u00e1tszanod<\/li>\n<li>elfogadnak<\/li>\n<li>bevallhatod, hogy nem vagy t\u00f6k\u00e9letes \u00e9s meg\u00e9lheted, hogy ez \u00edgy van j\u00f3l<\/li>\n<li>\u0151szint\u00e9n elmondhatod, hogy mi b\u00e1nt<\/li>\n<li>seg\u00edts\u00e9get kaphatsz a probl\u00e9m\u00e1id megold\u00e1s\u00e1hoz<\/li>\n<li>hasonl\u00f3 helyzetben lev\u0151 sz\u00fcl\u0151kkel \u00e9s gyerekekkel tal\u00e1lkozhatsz<\/li>\n<li>tanfolyamok \u00e9s el\u0151ad\u00e1sok seg\u00edts\u00e9g\u00e9vel fejlesztheted \u00f6nmagad<\/li>\n<li>felt\u00f6lt\u0151dhetsz<\/li>\n<li>meger\u0151s\u00edt\u00e9st, ir\u00e1nymutat\u00e1st kaphatsz<\/li>\n<li>megszervezheted gyermeked sz\u00fclet\u00e9snapj\u00e1t<\/li>\n<li>bar\u00e1tokra lelhetsz<\/li>\n<li>praktikus tippeket kaphatsz az \u00e9let minden ter\u00fclet\u00e9re a k\u00f6lt\u00f6z\u00e9st\u0151l a bef\u0151tt elrak\u00e1son \u00e1t a kert\u00e9szked\u00e9sig<\/li>\n<li>gyermekedre a szakm\u00e1juk ir\u00e1nt elk\u00f6telezett gondoz\u00f3k vigy\u00e1znak, ha egy kis szabadid\u0151re v\u00e1gysz, vagy elint\u00e9znival\u00f3d van<\/li>\n<li>egy kiterjedt kapcsolati h\u00e1l\u00f3 vesz k\u00f6r\u00fcl<\/li>\n<li>\u00fagy \u00e9rezheted, hogy van egy m\u00e1sodik otthonod is<\/li>\n<\/ul>\n<p>T\u00e9ged is szeretettel v\u00e1runk K\u00f6zpontjainkban!<\/p>\n<p>&nbsp;<\/p>\n<p><strong>NEMZETK\u00d6ZI PARTNEREK<\/strong><\/p>\n<p><span>Az Sz\u00fcl\u0151k H\u00e1za az ENSZ ECOSOC Bizotts\u00e1g\u00e1nak konzultat\u00edv st\u00e1tusz\u00fa tagja. A Sz\u00fcl\u0151k H\u00e1za egy nemzetk\u00f6zileg is elismert sz\u00fcl\u0151t\u00e1mogat\u00f3 m\u00f3dszertan, amelyet az Eur\u00f3pai Uni\u00f3 Eurofound Alap\u00edtv\u00e1nya Best Practice elismer\u00e9ssel d\u00edjazott \u00e9s a washingtoni sz\u00e9khely\u0171 Vil\u00e1gbank is beemelte a j\u00f3 gyakorlatai k\u00f6z\u00e9 \u00e9s ennek k\u00f6sz\u00f6nhet\u0151en m\u00e1r fejl\u0151d\u0151 orsz\u00e1gokban is jelen van a Program.\u00a0 Eur\u00f3pai Uni\u00f3s projektekbe kapcsol\u00f3dva nemzetk\u00f6zi partnereket vonunk be, sz\u00e1mos konferenci\u00e1n veszn\u00fcnk r\u00e9szt a vil\u00e1g t\u00f6bb pontj\u00e1n, hogy tov\u00e1bbi partnereket \u00e9rj\u00fcnk el \u00e9s c\u00e9lunk, hogy ez a magyar fejleszt\u00e9s\u0171 m\u00f3dszertan nemzetk\u00f6zileg is min\u00e9l sz\u00e9lesebb k\u00f6rben elterjedjen; t\u00f6bbek k\u00f6z\u00f6tt az USA-ban, Afrik\u00e1ban \u00e9s az Eur\u00f3pai Uni\u00f3 sz\u00e1mos orsz\u00e1g\u00e1ban.<\/span><\/p>\n<p><span><a href=\"https:\/\/civilfranchise.com\/\">https:\/\/civilfranchise.com\/<\/a>\u00a0<\/span><\/p>\n<p><span><\/span><\/p>\n<p>\u00a0<strong>SZ\u00dcL\u0150K BOLTJA<\/strong><\/p>\n<p><span>A Sz\u00fcl\u0151k Boltja sz\u00fcl\u0151knek, els\u0151sorban k\u00e9zm\u0171ves term\u00e9keket k\u00e9sz\u00edt\u0151, illetve szolg\u00e1ltat\u00e1st ny\u00fajt\u00f3 anyuk\u00e1knak k\u00edn\u00e1l online platformot, valamint a Sz\u00fcl\u0151k H\u00e1za H\u00e1l\u00f3zaton bel\u00fcli bemutatkoz\u00e1si lehet\u0151s\u00e9get. Egy lehet\u0151s\u00e9g, amely alkalmat teremt arra, hogy hazai k\u00e9zm\u0171vesek kil\u00e9phessenek v\u00e1llalkoz\u00e1sukkal a virtu\u00e1lis t\u00e9rb\u0151l. R\u00e9sz\u00e9v\u00e9 v\u00e1ljanak egy t\u00f6bb ezer csal\u00e1dot sz\u00e1ml\u00e1l\u00f3 akt\u00edv k\u00f6z\u00f6ss\u00e9gnek. Tagjai legyenek egy olyan hazai \u00e9s nemzetk\u00f6zi csal\u00e1dokat \u00e9rint\u0151 h\u00e1l\u00f3zatnak, ahol gyorsan \u00e9s k\u00f6nnyen el\u00e9rhetik c\u00e9lcsoportjukat itthon \u00e9s ak\u00e1r k\u00fclf\u00f6ld\u00f6n is.<\/span><\/p>\n<p><a href=\"https:\/\/szulokboltja.hu\/bemutatkozas\/\">https:\/\/szulokboltja.hu\/bemutatkozas\/<\/a>\u00a0<\/p>\n<p>&nbsp;<\/p>\n<p><strong>REG\u0150S JUDIT NAPIMAMI \u2013 Sz\u00fcl\u0151k Blogja<\/strong><\/p>\n<p><span>Reg\u0151s Judit a Napimami brand alatt mindek\u00f6zben seg\u00edti a sz\u00fcl\u0151ket a csal\u00e1di \u00e9let\u00fck tekintet\u00e9ben \u00e9s folyamatosan tartalmakat k\u00e9sz\u00edt \u00e9s oszt meg a napimami blogon. Judit els\u0151 k\u00f6nyve Nem sz\u00fclett\u00e9l any\u00e1nak c\u00edmmel jelent meg 2015-ben. M\u00e1sodik k\u00f6nyve 2023 tavasz\u00e1n ker\u00fclt kiad\u00e1sra Maradjunk egy\u00fctt!V\u00e1l\u00e1s vagy v\u00e1ltoz\u00e1s? c\u00edmmel, ami a p\u00e1rkapcsolatokr\u00f3l sz\u00f3l. 3. k\u00f6nyve is el\u0151k\u00e9sz\u00edt\u00e9s alatt van, amely szint\u00e9n a kisgyermekes sz\u00fcl\u0151k \u00e9let\u00e9t k\u00f6nny\u00edti meg.<\/span><\/p>\n<p><a href=\"https:\/\/napimami.hu\/\">https:\/\/napimami.hu\/<\/a>\u00a0<\/p>\n<p><span><\/span><\/p>\n<p><span><\/span><strong>SZ\u00dcL\u0150K H\u00c1ZA AKAD\u00c9MIA<\/strong><\/p>\n<p><strong><\/strong><\/p>\n<p><span>A Sz\u00fcl\u0151k H\u00e1za Akad\u00e9mia a sz\u00fcl\u0151i k\u00e9szs\u00e9geket fejleszt\u0151 program, amelynek c\u00e9lja a Sz\u00fcl\u0151k H\u00e1za m\u00f3dszertan \u00e1tad\u00e1sa az erre nyitott szakemberek \u00e9s mag\u00e1nemberek sz\u00e1m\u00e1ra. A k\u00e9pz\u00e9s eredm\u00e9nyek\u00e9pp, a r\u00e9sztvev\u0151k k\u00e9pess\u00e9 v\u00e1lnak arra, hogy saj\u00e1t maguk csal\u00e1dok sz\u00e1m\u00e1ra k\u00f6z\u00f6ss\u00e9get szervezzenek (pl. baba-mama klub, j\u00e1tsz\u00f3h\u00e1z, seg\u00edt\u0151 csoport), \u00e9s ezt szakmai alapokra helyezve tudj\u00e1k vezetni. Ezen k\u00edv\u00fcl munkaer\u0151 piaci, \u00f6nismereti, kommunik\u00e1ci\u00f3s, konfliktuskezel\u00e9si \u00e9s gyermekv\u00e9delmi \u00f6nk\u00e9ntes k\u00e9pz\u00e9seket is ny\u00fajtunk, amelyek egy r\u00e9sze m\u00e1r e-learning form\u00e1ban is elv\u00e9gezhet\u0151.<\/span><\/p>\n<p><a href=\"https:\/\/szulokhazaakademia.hu\/\">https:\/\/szulokhazaakademia.hu\/<\/a>\u00a0<\/p>\n<p><span><\/span><\/p>\n<p><strong>DIGIT\u00c1LIS FEJLESZT\u00c9SEK<\/strong><\/p>\n<p><span>A pand\u00e9mia ideje alatt folyamatosan digit\u00e1lis fejleszt\u00e9seken dolgoztunk, a j\u00e1rv\u00e1ny\u00fcgyi helyzetb\u0151l ad\u00f3d\u00f3 fesz\u00fclts\u00e9gek old\u00e1s\u00e1ra hoztuk l\u00e9tre a Sz\u00fcl\u0151k H\u00e1za Digib\u00f6lcsit, amely a Sz\u00fcl\u0151k H\u00e1za b\u00f6lcs\u0151d\u00e9iben ny\u00fajtott szolg\u00e1ltat\u00e1sok kiterjeszt\u00e9s\u00e9t jelenti a csal\u00e1dok otthon\u00e1ba. A programok legink\u00e1bb b\u00f6lcs\u0151d\u00e9s kor\u00fa gyermekeknek sz\u00f3lnak, de a tev\u00e9kenys\u00e9gekbe igyekezt\u00fcnk bevonni az eg\u00e9sz csal\u00e1dot, hogy mindenkinek kikapcsol\u00f3d\u00e1st \u00e9s felt\u00f6lt\u0151d\u00e9st ny\u00fajtsanak. A Sz\u00fcl\u0151k H\u00e1za Digib\u00f6lcsi eredeti c\u00e9lja az otthon maradt gyermekek napk\u00f6zbeni elfoglalts\u00e1g\u00e1nak online biztos\u00edt\u00e1sa, el\u0151re j\u00f3l megszervezett napirenddel, interakt\u00edv \u00e9s \u00e9l\u0151 m\u0171sorokat sug\u00e1rozva. A hi\u00e1nyz\u00f3 napk\u00f6zbeni fel\u00fcgyelet helyett elfoglalts\u00e1got ny\u00fajtottunk a csal\u00e1dok r\u00e9sz\u00e9re, hasznos \u00f3r\u00e1kk\u00e1 alak\u00edtva az otthon t\u00f6lt\u00f6tt id\u0151t a Sz\u00fcl\u0151k H\u00e1za szellemis\u00e9ge jegy\u00e9ben.<\/span><\/p>\n<p><span><a href=\"https:\/\/digitalisbolcsode.hu\/\">https:\/\/digitalisbolcsode.hu\/<\/a><\/span><\/p>\n<p>Az Alap\u00edtv\u00e1ny 2019-ben csatlakozott az Eur\u00f3pai Uni\u00f3 \u00e1ltal t\u00e1mogatott Families Share projekthez, amely az offline megold\u00e1sokat egy saj\u00e1t online platform \u00e9s mobil alkalmaz\u00e1s fejleszt\u00e9s\u00e9vel \u00f6tv\u00f6zve a munka-mag\u00e1n\u00e9let k\u00f6z\u00f6tti egyens\u00falyoz\u00e1st hivatott megk\u00f6nny\u00edteni a gyermekes csal\u00e1dok sz\u00e1m\u00e1ra a k\u00f6z\u00f6ss\u00e9gek erej\u00e9re \u00e9p\u00edtve. 2023-ban is szeretn\u00e9nk n\u00e9pszer\u0171s\u00edteni ezt a hi\u00e1nyp\u00f3tl\u00f3 alkalmaz\u00e1st \u00e9s tov\u00e1bb n\u00f6velni a felhaszn\u00e1l\u00f3k sz\u00e1m\u00e1t.<\/p>\n<p><a href=\"https:\/\/families-share.eu\/\">https:\/\/families-share.eu\/<\/a><\/p>\n<p>[\/et_pb_text][\/et_pb_column][\/et_pb_row][\/et_pb_section]<\/p>\n","protected":false},"excerpt":{"rendered":"<p>T\u00d6BB, MINT 15 \u00c9V,T\u00d6BB, MINT 100 000 EL\u00c9RT CSAL\u00c1D, 150 CSAL\u00c1DI B\u00d6LCS\u0150DEI F\u00c9R\u0150HELY, 6\u00a0 CSAL\u00c1DI K\u00d6ZPONT, 20 CSAL\u00c1DI B\u00d6LCS\u0150DE EGYS\u00c9G,\u00a0T\u00d6BB 1000 T\u00c1BOROS \u00c9S \u00d6NK\u00c9NTES,\u00a0T\u00d6BB\u00a0100 000 K\u00d6VET\u0150\u00a0 \u201eA Sz\u00fcl\u0151k H\u00e1z\u00e1t az\u00e9rt hoztam l\u00e9tre, mert munk\u00e1m sor\u00e1n azt tapasztaltam, hogy nagyon hi\u00e1nyzik a gyakorl\u00f3 sz\u00fcl\u0151k \u00e9let\u00e9b\u0151l egy olyan hely, ahol nyugodt,\u00a0szeretetteljes, bizalmi l\u00e9gk\u00f6rben oszthatj\u00e1k meg az \u0151ket [&hellip;]<\/p>\n","protected":false},"author":8,"featured_media":0,"parent":396,"menu_order":0,"comment_status":"closed","ping_status":"closed","template":"","meta":{"_seopress_robots_primary_cat":"","_seopress_titles_title":"","_seopress_titles_desc":"","_seopress_robots_index":"","_et_pb_use_builder":"on","_et_pb_old_content":"A Sz\u00fcl\u0151k H\u00e1z\u00e1t az\u00e9rt hoztam l\u00e9tre, mert munk\u00e1m sor\u00e1n azt tapasztaltam, hogy nagyon hi\u00e1nyzik a gyakorl\u00f3 sz\u00fcl\u0151k \u00e9let\u00e9b\u0151l egy olyan hely, ahol nyugodt, szeretetteljes, bizalmi l\u00e9gk\u00f6rben oszthatj\u00e1k meg az \u0151ket foglalkoztat\u00f3 \u00f6r\u00f6m\u00f6ket, probl\u00e9m\u00e1kat a hasonl\u00f3 cip\u0151ben j\u00e1r\u00f3 t\u00e1rsaikkal, \u00e9s sz\u00fcks\u00e9g eset\u00e9n szakmai seg\u00edts\u00e9get is kaphatnak.\n\nA Sz\u00fcl\u0151k H\u00e1za a csal\u00e1dokr\u00f3l sz\u00f3l: szakk\u00e9pzett csapatunk seg\u00edts\u00e9g\u00e9vel t\u00e1mogatjuk a hozz\u00e1nk l\u00e1togat\u00f3kat a sz\u00fcl\u0151v\u00e9 \u00e9s csal\u00e1dd\u00e1 v\u00e1l\u00e1s sokszor neh\u00e9zs\u00e9gekkel teli folyamat\u00e1ban. A k\u00f6zhiedelemben \u00e9l egy furcsa k\u00e9p a gyermekv\u00e1llal\u00e1ssal kapcsolatban: sokan azt gondolj\u00e1k, hogy a gyermek(ek) sz\u00fclet\u00e9s\u00e9vel automatikusan l\u00e9trej\u00f6n a csal\u00e1d, azonban ez nem \u00edgy van.\n\nVal\u00f3j\u00e1ban a gyermek(ek) \u00e9rkez\u00e9se egy \u00f3ri\u00e1si v\u00e1ltoz\u00e1s (kr\u00edzishelyzet) a csal\u00e1d \u00e9let\u00e9ben \u00e9s rengeteg id\u0151re, energi\u00e1ra, t\u00fcrelemre, egym\u00e1sra figyel\u00e9sre \u00e9s t\u00e1mogat\u00e1sra van sz\u00fcks\u00e9g ahhoz, hogy a nagybet\u0171s CSAL\u00c1D is megsz\u00fclessen, illetve a k\u00e9s\u0151bbiekben fennmaradjon, hiszen egy dinamikusan v\u00e1ltoz\u00f3 egys\u00e9gr\u0151l van sz\u00f3. A val\u00f3di csal\u00e1dd\u00e1 v\u00e1l\u00e1s sokszor megpr\u00f3b\u00e1ltat\u00e1sokkal teli \u00fatj\u00e1nak bej\u00e1r\u00e1s\u00e1ban seg\u00edt komplex szolg\u00e1ltat\u00e1saival a Sz\u00fcl\u0151k H\u00e1za, kicsiknek \u00e9s nagyoknak egyar\u00e1nt.\n<h4>Reg\u0151s Judit<\/h4>\n<h3>A Sz\u00fcl\u0151k H\u00e1za egy olyan csal\u00e1dias l\u00e9gk\u00f6r\u0171 hely ahol:<\/h3>\n<ul>\n \t<li>a csal\u00e1d \u00e9rt\u00e9k<\/li>\n \t<li>egym\u00e1s\u00e9rt tesz\u00fcnk<\/li>\n \t<li>egy befogad\u00f3 k\u00f6z\u00f6ss\u00e9ghez tartozhatsz<\/li>\n \t<li>\u00f6nmagad lehetsz, nem kell szerepeket j\u00e1tszanod<\/li>\n \t<li>elfogadnak<\/li>\n \t<li>bevallhatod, hogy nem vagy t\u00f6k\u00e9letes \u00e9s meg\u00e9lheted, hogy ez \u00edgy van j\u00f3l<\/li>\n \t<li>\u0151szint\u00e9n elmondhatod, hogy mi b\u00e1nt<\/li>\n \t<li>seg\u00edts\u00e9get kaphatsz a probl\u00e9m\u00e1id megold\u00e1s\u00e1hoz<\/li>\n \t<li>hasonl\u00f3 helyzetben lev\u0151 sz\u00fcl\u0151kkel \u00e9s gyerekekkel tal\u00e1lkozhatsz<\/li>\n \t<li>tanfolyamok \u00e9s el\u0151ad\u00e1sok seg\u00edts\u00e9g\u00e9vel fejlesztheted \u00f6nmagad<\/li>\n \t<li>felt\u00f6lt\u0151dhetsz<\/li>\n \t<li>meger\u0151s\u00edt\u00e9st, ir\u00e1nymutat\u00e1st kaphatsz<\/li>\n \t<li>megszervezheted gyermeked sz\u00fclet\u00e9snapj\u00e1t<\/li>\n \t<li>bar\u00e1tokra lelhetsz<\/li>\n \t<li>praktikus tippeket kaphatsz az \u00e9let minden ter\u00fclet\u00e9re a k\u00f6lt\u00f6z\u00e9st\u0151l a bef\u0151tt elrak\u00e1son \u00e1t a kert\u00e9szked\u00e9sig<\/li>\n \t<li>gyermekedre a szakm\u00e1juk ir\u00e1nt elk\u00f6telezett gondoz\u00f3k vigy\u00e1znak, ha egy kis szabadid\u0151re v\u00e1gysz, vagy elint\u00e9znival\u00f3d van<\/li>\n \t<li>egy kiterjedt kapcsolati h\u00e1l\u00f3 vesz k\u00f6r\u00fcl<\/li>\n \t<li>\u00fagy \u00e9rezheted, hogy van egy m\u00e1sodik otthonod is.<\/li>\n<\/ul>\n<h4>N\u00e9zz be hozz\u00e1nk, szeretettel v\u00e1runk!<\/h4>","_et_gb_content_width":"","footnotes":""},"class_list":["post-2638","page","type-page","status-publish","hentry"],"_links":{"self":[{"href":"https:\/\/www.szulokhaza.hu\/kamaraerdo\/wp-json\/wp\/v2\/pages\/2638","targetHints":{"allow":["GET"]}}],"collection":[{"href":"https:\/\/www.szulokhaza.hu\/kamaraerdo\/wp-json\/wp\/v2\/pages"}],"about":[{"href":"https:\/\/www.szulokhaza.hu\/kamaraerdo\/wp-json\/wp\/v2\/types\/page"}],"author":[{"embeddable":true,"href":"https:\/\/www.szulokhaza.hu\/kamaraerdo\/wp-json\/wp\/v2\/users\/8"}],"replies":[{"embeddable":true,"href":"https:\/\/www.szulokhaza.hu\/kamaraerdo\/wp-json\/wp\/v2\/comments?post=2638"}],"version-history":[{"count":7,"href":"https:\/\/www.szulokhaza.hu\/kamaraerdo\/wp-json\/wp\/v2\/pages\/2638\/revisions"}],"predecessor-version":[{"id":216330,"href":"https:\/\/www.szulokhaza.hu\/kamaraerdo\/wp-json\/wp\/v2\/pages\/2638\/revisions\/216330"}],"up":[{"embeddable":true,"href":"https:\/\/www.szulokhaza.hu\/kamaraerdo\/wp-json\/wp\/v2\/pages\/396"}],"wp:attachment":[{"href":"https:\/\/www.szulokhaza.hu\/kamaraerdo\/wp-json\/wp\/v2\/media?parent=2638"}],"curies":[{"name":"wp","href":"https:\/\/api.w.org\/{rel}","templated":true}]}}